est common factor of 143 and 22.
11
Calculate the greatest common divisor of 225 and 150.
75
What is the highest common factor of 470 and 188?
94
Calculate the greatest common divisor of 22 and 385.
11
What is the highest common factor of 63 and 49?
7
Calculate the highest common factor of 14 and 518.
14
Calculate the greatest common divisor of 29 and 551.
29
What is the highest common divisor of 6324 and 153?
51
What is the highest common factor of 1211 and 692?
173
Calculate the highest common factor of 20 and 64.
4
Calculate the greatest common divisor of 154 and 33.
11
Calculate the highest common divisor of 1008 and 140.
28
Calculate the greatest common divisor of 638 and 418.
22
Calculate the highest common divisor of 4 and 8.
4
Calculate the greatest common divisor of 154 and 112.
14
Calculate the greatest common divisor of 247 and 52.
13
What is the greatest common factor of 148 and 39812?
148
Calculate the greatest common divisor of 3648 and 112.
16
Calculate the highest common factor of 8 and 11.
1
Calculate the highest common factor of 124 and 10292.
124
What is the greatest common divisor of 28 and 55916?
28
Calculate the highest common divisor of 51 and 459.
51
What is the greatest common divisor of 45 and 845?
5
Calculate the greatest common divisor of 165 and 360.
15
What is the greatest common divisor of 18 and 69570?
18
Calculate the greatest common factor of 5320 and 6460.
380
What is the highest common factor of 228 and 399?
57
What is the highest common factor of 82 and 533?
41
Calculate the highest common divisor of 4587 and 139.
139
Calculate the greatest common divisor of 51 and 833.
17
What is the highest common divisor of 22 and 18898?
22
What is the greatest common divisor of 14074 and 310?
62
What is the highest common divisor of 14 and 56?
14
Calculate the greatest common divisor of 1739 and 37.
37
Calculate the greatest common factor of 890 and 10.
10
Calculate the greatest common divisor of 1794 and 546.
78
Calculate the highest common factor of 8 and 104.
8
Calculate the greatest common divisor of 3122 and 14.
14
Calculate the greatest common divisor of 196 and 252.
28
What is the highest common factor of 8 and 1000?
8
What is the greatest common factor of 18536 and 140?
28
Calculate the highest common factor of 117 and 45.
9
What is the highest common factor of 882 and 784?
98
What is the greatest common divisor of 1426 and 598?
46
Calculate the greatest common factor of 186 and 12462.
186
What is the greatest common divisor of 170 and 374?
34
What is the greatest common divisor of 6 and 363?
3
What is the highest common factor of 12 and 16?
4
Calculate the greatest common factor of 3591 and 456.
57
Calculate the greatest common divisor of 1781 and 39.
13
What is the greatest common divisor of 144 and 54?
18
Calculate the greatest common divisor of 118 and 177.
59
What is the highest common divisor of 627 and 513?
57
What is the highest common factor of 49 and 35?
7
Calculate the greatest common divisor of 1920 and 1760.
160
What is the highest common factor of 165 and 10125?
15
What is the highest common factor of 720 and 320?
80
What is the highest common divisor of 144 and 208?
16
What is the highest common divisor of 4100 and 5?
5
What is the highest common divisor of 315 and 2135?
35
Calculate the highest common factor of 2392 and 23.
23
What is the greatest common divisor of 2590 and 35?
35
What is the greatest common factor of 74 and 1850?
74
What is the highest common factor of 64077 and 53?
53
What is the highest common factor of 425 and 1105?
85
What is the highest common divisor of 29 and 7?
1
What is the highest common factor of 4899 and 426?
213
What is the highest common divisor of 41 and 287?
41
What is the greatest common factor of 3666 and 702?
78
Calculate the highest common factor of 30 and 110.
10
Calculate the highest common factor of 117 and 18044.
13
What is the highest common divisor of 108 and 308?
4
Calculate the highest common factor of 10 and 1630.
10
Calculate the greatest common divisor of 232 and 64.
8
What is the greatest common factor of 456 and 144?
24
Calculate the highest common divisor of 153 and 51.
51
Calculate the greatest common factor of 182 and 1183.
91
Calculate the greatest common divisor of 87 and 1.
1
What is the highest common factor of 6 and 2658?
6
What is the highest common factor of 44 and 3212?
44
Calculate the greatest common divisor of 143 and 22.
11
What is the greatest common divisor of 352 and 160?
32
Calculate the greatest common factor of 56 and 98.
14
Calculate the highest common divisor of 4 and 82.
2
What is the highest common factor of 14808 and 24?
24
Calculate the highest common factor of 46 and 23.
23
What is the greatest common factor of 71 and 568?
71
What is the greatest common divisor of 360 and 300?
60
Calculate the highest common factor of 871 and 67.
67
Calculate the highest common factor of 9367 and 76.
19
What is the highest common factor of 636 and 36?
12
What is the greatest common divisor of 71 and 20448?
71
Calculate the highest common factor of 20832 and 279.
93
Calculate the greatest common divisor of 231 and 189.
21
Calculate the greatest common divisor of 50 and 9100.
50
What is the highest common factor of 2497 and 22?
11
Calculate the greatest common factor of 570 and 627.
57
What is the greatest common factor of 11 and 36?
1
Calculate the highest common divisor of 47 and 2961.
47
Calculate the highest common divisor of 405 and 5.
5
Calculate the greatest common factor of 14 and 1330.
14
Calculate the highest common divisor of 3528 and 180.
36
What is the greatest common divisor of 6620 and 12?
4
Calculate the greatest common factor of 16 and 131248.
16
Calculate the greatest common divisor of 196 and 504.
28
Calculate the highest common divisor of 30 and 1110.
30
Calculate the greatest common factor of 4 and 76.
4
Calculate the greatest common divisor of 144 and 32.
16
What is the highest common factor of 57 and 912?
57
What is the greatest common divisor of 186 and 3441?
93
What is the greatest common divisor of 36 and 96?
12
Calculate the greatest common divisor of 803 and 44.
11
Calculate the highest common divisor of 7000 and 525.
175
What is the greatest common divisor of 873 and 194?
97
Calculate the greatest common factor of 5310 and 45.
45
Calculate the greatest common divisor of 213 and 3.
3
What is the greatest common factor of 28 and 14252?
28
Calculate the greatest common divisor of 172 and 129.
43
What is the greatest common factor of 108 and 13392?
108
What is the greatest common factor of 76 and 57?
19
Calculate the highest common factor of 114 and 4731.
57
Calculate the greatest common divisor of 54 and 96.
6
What is the greatest common divisor of 225 and 725?
25
What is the highest common divisor of 92 and 1196?
92
Calculate the greatest common divisor of 44 and 1078.
22
What is the highest common factor of 147 and 1365?
21
What is the highest common factor of 268 and 67?
67
Calculate the highest common factor of 28 and 63.
7
What is the highest common divisor of 15 and 105?
15
Calculate the greatest common divisor of 39 and 39.
39
What is the highest common divisor of 775 and 31?
31
What is the highest common factor of 288 and 2736?
144
Calculate the highest common divisor of 91 and 2093.
91
What is the highest common divisor of 48 and 120?
24
Calculate the greatest common factor of 99 and 9.
9
What is the greatest common factor of 918 and 68?
34
Calculate the greatest common divisor of 152 and 120.
8
Calculate the highest common factor of 276 and 23.
23
Calculate the highest common factor of 30 and 4335.
15
What is the greatest common divisor of 17485 and 65?
65
What is the highest common divisor of 134 and 22378?
134
Calculate the highest common factor of 2 and 1282.
2
Calculate the greatest common factor of 2560 and 40.
40
What is the highest common factor of 2760 and 240?
120
Calculate the highest common factor of 14 and 158.
2
What is the highest common divisor of 3952 and 152?
152
What is the greatest common factor of 2981 and 517?
11
Calculate the highest common divisor of 459 and 8874.
153
What is the greatest common divisor of 7676 and 152?
76
What is the greatest common factor of 6837 and 129?
